 44009266?
2
What is the hundred thousands digit of 196815597?
8
What is the thousands digit of 11192759?
2
What is the millions digit of 45234863?
5
What is the hundred millions digit of 1234598856?
2
What is the ten millions digit of 938915262?
3
What is the ten millions digit of 30449945?
3
What is the ten millions digit of 391880773?
9
What is the ten millions digit of 565419690?
6
What is the ten millions digit of 1088232808?
8
What is the ten thousands digit of 37300550?
0
What is the millions digit of 125099696?
5
What is the units digit of 519870476?
6
What is the millions digit of 241112074?
1
What is the ten thousands digit of 48018641?
1
What is the hundred thousands digit of 1569083134?
0
What is the ten thousands digit of 3905075994?
7
What is the thousands digit of 703478344?
8
What is the hundred millions digit of 1061335874?
0
What is the thousands digit of 1186315005?
5
What is the millions digit of 132833146?
2
What is the thousands digit of 8081571?
1
What is the hundred millions digit of 371598740?
3
What is the thousands digit of 584470286?
0
What is the hundred thousands digit of 1606051758?
0
What is the thousands digit of 138986496?
6
What is the hundreds digit of 65958835?
8
What is the hundred millions digit of 467509764?
4
What is the hundred thousands digit of 596683371?
6
What is the hundred thousands digit of 2560409?
5
What is the ten thousands digit of 693444063?
4
What is the hundred millions digit of 107629212?
1
What is the thousands digit of 302841867?
1
What is the ten thousands digit of 6497114159?
1
What is the hundred thousands digit of 630630156?
6
What is the ten millions digit of 31680641?
3
What is the tens digit of 624626480?
8
What is the hundred millions digit of 255113750?
2
What is the ten thousands digit of 31563843?
6
What is the tens digit of 555194689?
8
What is the ten millions digit of 130616045?
3
What is the ten millions digit of 68441085?
6
What is the ten millions digit of 3023320680?
2
What is the hundred millions digit of 1658813093?
6
What is the ten thousands digit of 576558662?
5
What is the hundred thousands digit of 493045020?
0
What is the hundreds digit of 19633624?
6
What is the ten thousands digit of 20436293?
3
What is the millions digit of 3616123337?
6
What is the ten millions digit of 274600365?
7
What is the millions digit of 247846237?
7
What is the ten thousands digit of 43194460?
9
What is the hundred thousands digit of 27366407?
3
What is the hundred thousands digit of 93965686?
9
What is the thousands digit of 594305155?
5
What is the tens digit of 39388226?
2
What is the ten thousands digit of 40751739?
5
What is the billions digit of 2478786047?
2
What is the hundreds digit of 11313477?
4
What is the ten thousands digit of 1529832715?
3
What is the thousands digit of 171833139?
3
What is the tens digit of 10842313?
1
What is the ten millions digit of 152062331?
5
What is the hundreds digit of 24678855?
8
What is the millions digit of 22269290?
2
What is the ten thousands digit of 155844529?
4
What is the hundred millions digit of 3236197614?
2
What is the millions digit of 1554990148?
4
What is the ten thousands digit of 169598169?
9
What is the hundreds digit of 175990020?
0
What is the units digit of 296610500?
0
What is the ten millions digit of 56077066?
5
What is the hundred thousands digit of 166822881?
8
What is the ten millions digit of 61110232?
6
What is the ten thousands digit of 632896951?
9
What is the units digit of 1452461972?
2
What is the tens digit of 87984041?
4
What is the units digit of 9078784616?
6
What is the hundred millions digit of 602985237?
6
What is the thousands digit of 3546997655?
7
What is the tens digit of 1836012275?
7
What is the tens digit of 155025339?
3
What is the hundreds digit of 156750276?
2
What is the millions digit of 122699830?
2
What is the millions digit of 1313888917?
3
What is the ten thousands digit of 97587216?
8
What is the millions digit of 69504121?
9
What is the ten thousands digit of 96887951?
8
What is the millions digit of 298847459?
8
What is the thousands digit of 229642953?
2
What is the tens digit of 119572416?
1
What is the thousands digit of 41097196?
7
What is the units digit of 363019020?
0
What is the thousands digit of 16216693?
6
What is the ten thousands digit of 159729832?
2
What is the tens digit of 4625683816?
1
What is the hundreds digit of 492360059?
0
What is the units digit of 614337345?
5
What is the hundreds digit of 246587741?
7
What is the tens digit of 2025925233?
3
What is the hundreds digit of 2108380810?
8
What is the hundreds digit of 273248885?
8
What is the hundred thousands digit of 5332907698?
9
What is the millions digit of 8041813219?
1
What is the units digit of 50931427?
7
What is the ten thousands digit of 166540066?
4
What is the hundreds digit of 6880573852?
8
What is the hundreds digit of 255088409?
4
What is the ten millions digit of 101074459?
0
What is the hundred thousands digit of 150403926?
4
What is the ten millions digit of 276274194?
7
What is the ten millions digit of 477475065?
7
What is the hundreds digit of 162422594?
5
What is the units digit of 234870418?
8
What is the hundred thousands digit of 396563929?
5
What is the millions digit of 91999336?
1
What is the millions digit of 1583441239?
3
What is the units digit of 447796853?
3
What is the units digit of 1234871270?
0
What is the hundred millions digit of 2546052708?
5
What is the millions digit of 4154489502?
4
What is the millions digit of 468305666?
8
What is the hundred millions digit of 1269128695?
2
What is the hundred thousands digit of 2898335292?
3
What is the tens digit of 13811272?
7
What is the tens digit of 44264345?
4
What is the hundred thousands digit of 2945250418?
2
What is the hundreds digit of 690428589?
5
What is the millions digit of 30604483?
0
What is the tens digit of 83429152?
5
What is the tens digit of 30288035?
3
What is the units digit of 3448460286?
6
What is the hundred thousands digit of 8682261?
6
What is the ten thousands digit of 183433246?
3
What is the ten millions digit of 3806539800?
0
What is the hundred thousands digit of 24886398?
8
What is the ten millions digit of 829984239?
2
What is the thousands digit of 21836194?
6
What is the units digit of 34591930?
0
What is the hundreds digit of 104397280?
2
What is the billions digit of 1728473731?
1
What is the thousands digit of 1162032550?
2
What is the hundreds digit of 39624194?
1
What is the thousands digit of 37904148?
4
What is the tens digit of 1036295277?
7
What is the millions digit of 211967501?
1
What is the tens digit of 5317547860?
6
What is the hundred thousands digit of 790413055?
4
What is the ten millions digit of 38159157?
3
What is the millions digit of 34603388?
4
What is the units digit of 69179566?
6
What is the units digit of 1874403227?
7
What is the thousands digit of 2800563530?
3
What is the tens digit of 44090648?
4
What is the units digit of 4389412536?
6
What is the tens digit of 25822513?
1
What is the ten millions digit of 120401693?
2
What is the hundred millions digit of 800965121?
8
What is the ten thousands digit of 2521051320?
5
What is the hundreds digit of 267168080?
0
What is the ten thousands digit of 162727598?
2
What is the ten millions digit of 4380322331?
8
What is the thousands digit of 465282298?
2
What is the ten thousands digit of 343313489?
1
What is the ten thousands digit of 22892688?
9
What is the hundred thousands digit of 490839236?
8
What is the thousands digit of 4328172791?
2
What is the units digit of 14315227?
7
What is the ten thousands digit of 4173745541?
4
What is the millions digit of 5953906?
5
What is the ten thousands digit of 453076670?
7
What is the hundreds digit of 7985499?
4
What is the tens digit of 1840616329?
2
What is the hundred thousands digit of 24763728?
7
What is the units digit of 23919113?
3
What is the millions digit of 21550063?
1
What is the millions digit of 13046453?
3
What is the tens digit of 5132824830?
3
What is the units digit of 116586409?
9
What is the hundreds digit of 61465964?
9
What is the ten thousands digit of 28787125?
8
What is the billions digit of 1005941705?
1
What is the millions digit of 3636280